ivative of i**2/2 - 3*i + 1. Let z be a(7). What is the units digit of -1 + 8 - 8/z?
5
What is the units digit of 4/(-5) - 898/(-10)?
9
Let h(c) be the first derivative of -c**2 - c - 1. Let p be h(-2). Suppose 0 = 6*b - p*b + 5*o - 22, 2*o = -2. What is the units digit of b?
9
Let k(z) = z**3 + 2*z**2 - 2. Let y be k(2). Let m = y - -7. What is the units digit of m?
1
Let d(v) = -v. Suppose 6*a - a = -30. What is the units digit of d(a)?
6
Suppose -3*f = -4*n - 7, 4*f + 0*n - 24 = -2*n. Suppose -2*b - f*c = 11, -3*b - 2*b - 4*c - 2 = 0. Let m = 0 + b. What is the units digit of m?
2
Let r be 3 + 4 + (1 - 3). Let k = -8 + r. What is the tens digit of ((-3)/k)/(-1) + 15?
1
Let b = -6 + 0. Let t(i) = -i - 3. Let m be t(0). What is the units digit of (b/m)/((-2)/(-5))?
5
Let d(p) = 5*p + 6. What is the units digit of d(15)?
1
Let z = 58 + -16. What is the tens digit of z?
4
Suppose 2*c - 2 = 20. Let s(l) = l**2 + l - 1. Let p be s(-3). Suppose -p*q = a + c, -4*q - 24 = -0*a - 3*a. What is the units digit of a?
4
Suppose -11 = -4*f + 345. What is the units digit of f?
9
Suppose 4*k = -0*k + 24. Suppose -63 = -2*b + 5*v, v + 201 = 4*b + k*v. Suppose -g = 2*o - 6*g - 46, 0 = -4*o - 2*g + b. What is the tens digit of o?
1
Suppose a + 2*z = 5*a - 10, -5*z = 5. Suppose -5*b + 3 = -a, 33 = 5*m + 3*b. What is the units digit of m?
6
Let b = -73 + 225. What is the hundreds digit of b?
1
Let p(u) = -u + 3. Let t(v) = -v - 12. Let b be t(-5). What is the tens digit of p(b)?
1
Let h(t) = 7*t**2 - 3*t - 6. Let p(j) = j**2 - j. Let y(i) = -h(i) + 6*p(i). Let v be y(-6). Let o = -8 - v. What is the units digit of o?
4
Let d(q) = 10*q - 17. What is the units digit of d(6)?
3
What is the units digit of 1*(18*1 - -3)?
1
Let i be 132/21 + (-4)/14. Suppose i + 9 = 5*m. Suppose 0*k + 2*s + 23 = 3*k, m*k - 3*s = 21. What is the units digit of k?
9
Suppose -3*q + 4 = -5. Suppose -h - q = -13. Suppose -2*j + 0*j = -h. What is the units digit of j?
5
Suppose -3*c = -333 - 822. What is the tens digit of c?
8
Suppose 4*f - 6 = -2. Let g(p) = p**2 - 7*p + 1. Let v be g(8). Let k = v - f. What is the units digit of k?
8
Let p(a) = -a**3 + 7*a**2 + a + 4. Let q be p(7). Let m(j) = j**3 - 5*j**2 - 5*j - 6. Let n be m(6). What is the tens digit of (q + n/2)*1?
1
Let l(m) = -18*m - 1. Let v be l(-1). Let q = -9 + v. What is the units digit of q?
8
Suppose -2*y + 40 = 2*r, 3*r - 2*y + 15 = 50. Let l be r/((-3)/(-6)*2). Suppose 2*q + 8 = 3*u - 3, 4*u - l = 3*q. What is the units digit of u?
3
Let m(g) = -2*g**3 + 3*g**2 + 4 + 2*g**2 + 5*g**2 + 3*g**3 - 2*g. Let x be m(-10). Suppose -z + x = 2*z. What is the units digit of z?
8
Let g = 13 + -61. Let x = -27 - g. What is the tens digit of x?
2
Suppose -2 = -a - 0. Suppose a*r - r = 32. What is the units digit of r?
2
Let s(z) = -z**3 + 2*z**2 - 2. Let t be s(2). What is the units digit of 380/7 - t/(-7)?
4
Let t = 7 + -2. Suppose 3*i - 2*i + t = -c, 4*i + 8 = -c. Let g = 4 - i. What is the units digit of g?
5
Let y(u) = -2*u**3 - 6*u**2 - 3*u + 3*u**3 - 2*u + 0*u**3 - 1. What is the tens digit of y(7)?
1
Suppose 3*c - 5*z - 5 = -c, -5*c = -2*z - 19. Suppose c*n = n + 128. What is the tens digit of n?
3
Let m be (-3)/(3/2) + 13. Let u = 26 - m. Let f = u + -7. What is the units digit of f?
8
Let x = 15 + -11. Let y be 1/(((-28)/8)/(-7)). Suppose -2*o = y*s - x, 12 = 4*s - 2*s - 2*o. What is the units digit of s?
4
Let m = 1 + 2. Let d(q) = -q**3 + 7*q**2 + 4. Let l be d(7). Suppose -17 = m*f - 4*g, 4*f = g - l*g + 19. What is the units digit of f?
1
Let x(i) = i**3 + 10*i**2 - 12*i + 26. What is the tens digit of x(-11)?
3
Let n(i) = -i**3 + 5*i**2 + 15*i - 4. Let a be n(7). Suppose -40 = -4*q + 20. What is the units digit of (6/q)/(a/15)?
2
Let i be (2 - 15/6)*2. Let y(a) = -3*a + 1. Let r be y(i). Suppose -r = -4*m - 0. What is the units digit of m?
1
Let q(m) = -3*m + 45. What is the hundreds digit of q(-29)?
1
Suppose -5*b + 3*k - 29 = -b, 3*b - 2*k = -21. Let x be (-4)/(-5) - (-5)/25. What is the units digit of -1*x*b - 1?
4
Let q(b) = b**3 + 10*b**2 - 11*b + 3. Let x be q(-11). Suppose -n + 6*n = -2*l + 23, x*n + 2*l - 17 = 0. Suppose 0*y + 39 = n*y. What is the units digit of y?
3
What is the tens digit of (140/21)/((-4)/(-6))?
1
Let x be (-4)/(-14) + (-12)/(-7). Suppose -n - q = -12, 16 = 2*q + x*q. Let l = n + -5. What is the units digit of l?
3
Let u(k) = 15*k**2 - k + 2. Let o be u(2). Suppose -q - 4*q = -o. What is the tens digit of q?
1
Let j(o) = -4*o - 9. Let k(z) = z**2 - 11*z + 11. Let p be k(11). Let q = p - 17. What is the units digit of j(q)?
5
Let b(z) = 322*z - 6. What is the tens digit of b(1)?
1
Let s = -1 + 3. Suppose 0 = -t, -s*o - 5 = -3*o + 4*t. Let k = o - 0. What is the units digit of k?
5
Suppose c - 2*c = -2*x, -22 = 4*c + 3*x. Let m(u) = -4*u + 3. What is the tens digit of m(c)?
1
Let b(j) = j**2 + j**3 - 4*j**2 + 3*j + 0*j**2. Let x be b(2). What is the units digit of 116/12 - x/3?
9
What is the units digit of (1/2)/(6/444)?
7
Let k(o) = o**2 + 7*o + 6. Let b be k(-6). Suppose v + 8 - 29 = b. Suppose -v = -2*u + 13. What is the units digit of u?
7
Let x(p) = p**3 + 9*p**2 - 3*p - 7. What is the units digit of x(-9)?
0
Let j be (63/(-6))/((-3)/(-8)). Let p be 6/(-5 - -3) - j. Let h = p - 17. What is the units digit of h?
8
Let k = -352 - -564. What is the tens digit of k?
1
Suppose -6*s + 2*t = -2*s - 6, -4*t = -5*s. Suppose 3*k - s*h = 19, -2*k + 19 + 2 = -h. Suppose -4*v + 19 + k = 0. What is the units digit of v?
8
Let c(z) = -z**3 + z**3 - 2*z + 7*z**3. Let w(k) = k**3 - k**2. Let u(h) = c(h) - 6*w(h). What is the tens digit of u(-6)?
1
Suppose 14 = 5*c + 4*x - 6, 0 = 3*c + 4*x - 12. Let w = c - -3. What is the units digit of w?
7
Suppose k + 5*s = 8, 3*s - 18 = -5*k - 0*s. What is the tens digit of 8 + (3/k - -2)?
1
What is the units digit of 1/((-1)/(-37)) + 4?
1
Let s(y) = 2*y**2 - 4*y. What is the tens digit of s(-5)?
7
Let x = 8 - 6. Suppose 0 = -5*i - w - 4*w + 155, 3*i - x*w - 118 = 0. What is the tens digit of i?
3
Let a(v) = -v**3 + 14*v**2 - 21*v + 10. What is the hundreds digit of a(9)?
2
Let h(t) = -3*t**2 - 4*t. Let v(k) = -4*k**2 - 3*k - 1. Let x(n) = -5*h(n) + 4*v(n). What is the units digit of x(4)?
2
Suppose 2*a = -3*d - d + 6, 2*a - 4*d + 26 = 0. Let j = 4 - a. What is the units digit of j?
9
Suppose 27 = -5*v + 7. Let m = -4 + 3. What is the units digit of (v - m)*1/(-3)?
1
What is the units digit of ((-98)/(-8))/((-7)/(-28))?
9
Let d(m) = -m**3 - 13*m**2 - m + 12. What is the units digit of d(-13)?
5
What is the units digit of 72/(-90)*190/(-4)?
8
Let y = 9 + -6. What is the units digit of y?
3
What is the tens digit of (9/(-6))/(3/(-78))?
3
Suppose -o = -4*o + 45. Suppose 0 = -4*r - r + o. What is the units digit of 20/r + (-3)/(-9)?
7
Suppose 5 - 1 = -4*h + 2*c, 3*h - 23 = -5*c. What is the tens digit of 2*h/2*34?
3
Let o(r) = -r**3 - 14*r**2 + 3*r + 6. Let l be o(-14). What is the units digit of (8/6)/((-6)/l)?
8
Suppose -4 = 2*w - 0*w. Let c be 10/(w + 4)*1. Suppose 2*g - 3 + 23 = 2*o, -3*o - c*g + 30 = 0. What is the units digit of o?
0
What is the units digit of 1/(-1)*(-1 - 40)?
1
Let q = 7 + -6. Let o(y) = 40*y**2 - 1. What is the units digit of o(q)?
9
What is the units digit of (-378)/(-45)*75/2?
5
Suppose -99 = -3*d - 0*d. What is the units digit of d?
3
Let h = -23 - -27. Suppose 61 = j + h*y, -j + 0*j + 49 = -2*y. What is the tens digit of j?
5
Suppose -3*o = 5*r - 323, 2*r + 276 = 6*r - 2*o. Suppose 0 = -7*u + 3*u - 5*m + r, -u + 28 = 5*m. What is the units digit of u?
3
Suppose -205 = -3*c - 2*c. What is the tens digit of c?
4
Suppose 9*s - 14*s + 585 = 0. What is the hundreds digit of s?
1
Let v(q) = -q**3 + 2*q**2 - q - 3. Let b be v(0). Let m = b + 16. What is the tens digit of m?
1
Let y = -47 + 66. Let b = y - 4. What is the units digit of b?
5
Let v = -2 - -7. Suppose 3*x - 4 = v. Suppose i - 12 - 5 = -n, -x*i + 34 = 2*n. What is the tens digit of n?
1
Let w(u) = u**3 + 11*u**2 + 14*u - 8. What is the tens digit of w(-9)?
2
Suppose -5*t + 1735 = 145. What is the tens digit of t?
1
Suppose 3*z + 4*z - 679 = 0. What is the units digit of z?
7
Let x(k) = k**3 + 8*k**2 - k - 11. Let c be x(-8). Let d be ((-6)/8)/(c/24). Suppose 0 = a - 6 - d. What is the t